{"id":7,"date":"2022-12-13T16:09:49","date_gmt":"2022-12-13T21:09:49","guid":{"rendered":"https:\/\/firecloud.com.co\/?page_id=7"},"modified":"2023-01-25T11:16:50","modified_gmt":"2023-01-25T16:16:50","slug":"acerca-de","status":"publish","type":"page","link":"https:\/\/firecloud.com.co\/index.php\/acerca-de\/","title":{"rendered":"Quienes Somos"},"content":{"rendered":"\n<p>Somos una compa\u00f1\u00eda experta en servicios de tecnolog\u00edas de la informaci\u00f3n. Hay varias razones por las que se deber\u00eda elegir a nuestra empresa de IT. En primer lugar, somos una empresa muy experimentada. Llevamos a\u00f1os trabajando en el sector y hemos adquirido una gran cantidad de conocimientos y habilidades a lo largo de los a\u00f1os. Esto nos permite ofrecer soluciones eficientes y de alta calidad a nuestros clientes.<\/p>\n\n\n\n<p>En segundo lugar, somos una empresa muy comprometida con nuestros clientes. Nos esforzamos por entender sus necesidades y trabajamos de cerca con ellos para asegurarnos que obtengan el mejor servicio posible. Tambi\u00e9n ofrecemos soporte t\u00e9cnico las 24 horas, los 7 d\u00edas de la semana, por lo que siempre podr\u00e1 contar con alguien disponible para ayudar a solucionar cualquier problema o imprevisto tecnol\u00f3gico que suceda en su organizaci\u00f3n.<\/p>\n\n\n\n<p>Por \u00faltimo, tenemos un equipo de profesionales altamente cualificados y dedicados. Todos nuestros t\u00e9cnicos son expertos en su campo y est\u00e1n constantemente actualiz\u00e1ndose para ofrecer las soluciones m\u00e1s innovadoras y eficientes a nuestros clientes.<\/p>\n\n\n\n<p>En resumen, si usted requiere una empresa de IT confiable y comprometida, no dude en elegirnos. Estamos seguros de poder ofrecer los mejores servicios IT disponibles en el mercado.<\/p>\n","protected":false},"excerpt":{"rendered":"<p>Somos una compa\u00f1\u00eda experta en servicios de tecnolog\u00edas de la informaci\u00f3n. Hay varias razones por las que se deber\u00eda elegir a nuestra empresa de IT. En primer lugar, somos una empresa muy experimentada. Llevamos a\u00f1os trabajando en el sector y hemos adquirido una gran cantidad de conocimientos y habilidades a [&hellip;]<\/p>\n","protected":false},"author":1,"featured_media":0,"parent":0,"menu_order":0,"comment_status":"closed","ping_status":"closed","template":"","meta":[],"_links":{"self":[{"href":"https:\/\/firecloud.com.co\/index.php\/wp-json\/wp\/v2\/pages\/7"}],"collection":[{"href":"https:\/\/firecloud.com.co\/index.php\/wp-json\/wp\/v2\/pages"}],"about":[{"href":"https:\/\/firecloud.com.co\/index.php\/wp-json\/wp\/v2\/types\/page"}],"author":[{"embeddable":true,"href":"https:\/\/firecloud.com.co\/index.php\/wp-json\/wp\/v2\/users\/1"}],"replies":[{"embeddable":true,"href":"https:\/\/firecloud.com.co\/index.php\/wp-json\/wp\/v2\/comments?post=7"}],"version-history":[{"count":4,"href":"https:\/\/firecloud.com.co\/index.php\/wp-json\/wp\/v2\/pages\/7\/revisions"}],"predecessor-version":[{"id":91,"href":"https:\/\/firecloud.com.co\/index.php\/wp-json\/wp\/v2\/pages\/7\/revisions\/91"}],"wp:attachment":[{"href":"https:\/\/firecloud.com.co\/index.php\/wp-json\/wp\/v2\/media?parent=7"}],"curies":[{"name":"wp","href":"https:\/\/api.w.org\/{rel}","templated":true}]}}